at is 10433130 (base 5) in base 16?
16af3
-1001112322 (base 4) to base 15
-544c1
What is -101010010011001110110001 (base 2) in base 16?
-a933b1
What is -501542 (base 11) in base 13?
-223572
32a66 (base 11) to base 7
256361
What is 96654 (base 13) in base 16?
423d2
Convert 75b913 (base 13) to base 16.
2a3ac8
454234 (base 9) to base 12
11157a
-4509 (base 11) to base 3
-22010221
Convert -a6507 (base 15) to base 3.
-222210202221
What is 154a647 (base 11) in base 8?
12066573
1be88 (base 15) to base 5
10403103
Convert -20051 (base 14) to base 10.
-76903
What is 570966 (base 14) in base 13?
7c8317
10000110001100010011 (base 2) to base 5
120042101
Convert 120211121001020 (base 3) to base 16.
806c52
What is -81c8c (base 14) in base 7?
-2441135
What is -2302003213 (base 4) in base 2?
-10110010000011100111
-149b003 (base 13) to base 4
-121021222300
What is -79b89 (base 16) in base 6?
-14404105
Convert -363aa (base 14) to base 16.
-20562
Convert -11111010101110101 (base 2) to base 14.
-34ad7
Convert 18593d (base 14) to base 5.
210020231
Convert aef08 (base 16) to base 13.
1c11c5
-7355053 (base 8) to base 12
-7a420b
110111101000001001 (base 2) to base 6
4514505
-9bab8 (base 12) to base 16
-3296c
What is 1432551 (base 6) in base 9?
134784
-25426063 (base 7) to base 13
-62b261
What is 7c6397 (base 13) in base 10?
2955596
Convert -2d56b (base 14) to base 8.
-335653
What is 360c64 (base 15) in base 14?
4b3d13
-79b368 (base 14) to base 12
-1478768
Convert -1122246 (base 12) to base 15.
-44bd26
8f106 (base 16) to base 12
243146
What is aa5cc (base 15) in base 16?
84285
Convert -23a48 (base 15) to base 5.
-12114233
What is 414150 (base 11) in base 12?
280561
-77407 (base 9) to base 5
-3120421
-d695a (base 16) to base 15
-12565d
-4993861 (base 10) to base 13
-105b062
Convert 12421212 (base 5) to base 10.
123307
-76a09d (base 15) to base 7
-66023563
-100111111100001110000100 (base 2) to base 9
-21627460
-64681 (base 10) to base 3
-10021201121
What is -440387 (base 10) in base 7?
-3512633
214932a (base 11) to base 9
7083427
What is -1164320 (base 7) in base 3?
-21122022012
Convert 19b81b (base 14) to base 11.
575792
12503244 (base 7) to base 3
2011010022200
What is 1809a66 (base 11) in base 8?
13562316
2567785 (base 12) to base 16
703595
What is -210321100213 (base 4) in base 12?
-32a5087
What is 9c5d4 (base 14) in base 13?
103b74
-31a5 (base 15) to base 9
-15362
What is -2200221102 (base 3) in base 4?
-30332312
What is a8520 (base 14) in base 13?
1133cc
What is -c9b85 (base 16) in base 11?
-514852
Convert -317851 (base 9) to base 4.
-232101001
Convert -1011001110110111111 (base 2) to base 4.
-1121312333
33310203021 (base 4) to base 12
1480149
Convert -334114 (base 11) to base 14.
-dc104
What is 2414401433 (base 5) in base 14?
a64c3c
4604383 (base 12) to base 14
1add7a3
What is -55114 (base 12) in base 15?
-234da
Convert -45221337 (base 8) to base 7.
-146035006
What is 120100122102 (base 3) in base 14?
7c232
-259c1 (base 14) to base 12
-45631
Convert -1322000133 (base 4) to base 10.
-499743
What is 422101022 (base 6) in base 10?
7379654
-5fd23 (base 16) to base 3
-201221101102
What is 343010 (base 8) in base 7?
662604
What is a219b (base 14) in base 11?
246aa9
40140116 (base 7) to base 11
1968939
-16013546 (base 7) to base 3
-2212220002012
Convert 36722a (base 16) to base 4.
31213020222
What is -103111301230 (base 4) in base 6?
-300355524
1023030300 (base 4) to base 13
aa277
Convert 1b51a (base 14) to base 16.
10fe4
What is 2752833 (base 10) in base 12?
b090a9
1003221232 (base 5) to base 4
13222022030
What is 1464a79 (base 13) in base 9?
13186882
-1525615 (base 9) to base 3
-1120212200112
43455321 (base 6) to base 10
1298497
What is db2aa7 (base 14) in base 5?
3400000013
Convert 43537 (base 8) to base 9.
27051
What is -2417897 (base 10) in base 15?
-32b632
Convert 11000101001011001 (base 2) to base 15.
1eda3
Convert 8a91 (base 11) to base 7.
46602
Convert 131001113 (base 4) to base 7.
1003364
Convert -32223110213 (base 4) to base 6.
-214244155
960400 (base 10) to base 5
221213100
What is 1001000100100000110011 (base 2) in base 5?
1102042104
What is -26062c (base 13) in base 2?
-11011111011000111100
-1372621 (base 8) to base 4
-1133112101
What is 140a0d (base 15) in base 9?
1728484
-8a14 (base 16) to base 8
-105024
What is -504153214 (base 6) in base 4?
-200303202022
What is 454251 (base 6) in base 5?
2213201
aacb6 (base 16) to base 8
2526266
What is -6e1794 (base 15) in base 8?
-24065111
-11231203 (base 4) to base 8
-55543
10025034 (base 6) to base 15
5908a
Convert 939066 (base 12) to base 16.
235c0e
456cc (base 16) to base 5
33044424
Convert -10645b (base 12) to base 3.
-111012102222
Convert -226ab3 (base 13) to base 11.
-507130
-441316 (base 9) to base 15
-530bc
What is 101110100101010 (base 2) in base 7?
126351
Convert -18b69 (base 16) to base 15.
-1eed5
18b6978 (base 14) to base 6
1115015342
112935 (base 15) to base 2
11000111111010001001
Convert 31202440 (base 5) to base 12.
104610
Convert 11110011100000010 (base 2) to base 4.
132130002
Convert 420c0 (base 16) to base 8.
1020300
Convert -1271887 (base 9) to base 5.
-134300142
Convert -20322333 (base 4) to base 15.
-ac63
-25067135 (base 8) to base 15
-744752
2513524 (base 6) to base 5
13244312
-2548002 (base 9) to base 2
-101010011011001111101
22745 (base 13) to base 2
1111010100100100
What is 214235225 (base 6) in base 10?
3846401
What is -54052553 (base 6) in base 16?
-185055
What is 3699a0 (base 11) in base 12?
242095
What is 212112111222 (base 3) in base 13?
132b4b
27246 (base 13) to base 11
4a850
-19684 (base 15) to base 4
-110020222
Convert 111424220 (base 5) to base 10.
498685
Convert 323231121 (base 4) to base 13.
87420
Convert 825226 (base 9) to base 4.
1313132001
Convert 210201200021 (base 3) to base 13.
11c890
Convert -11110000000111000 (base 2) to base 4.
-132000320
What is -1520154 (base 6) in base 11?
-602a0
What is -1536422 (base 8) in base 7?
-3516342
Convert 2232301134 (base 5) to base 13.
1049aba
-10100210110021 (base 3) to base 2
-110110100010011100110
-21432523 (base 7) to base 6
-103235014
-1521c4 (base 16) to base 13
-39648a
What is -115988 (base 10) in base 15?
-24578
22220002102201 (base 3) to base 14
8b0298
What is 45925 (base 10) in base 8?
131545
Convert 234156 (base 9) to base 10.
140829
What is 5443330 (base 11) in base 10?
9564962
Convert -1552312 (base 7) to base 16.
-34603
Convert -ba80a (base 16) to base 10.
-763914
10010434313 (base 5) to base 12
3375330
What is 11010110110000111111100 (base 2) in base 14?
d12940
What is -568614 (base 9) in base 15?
-6b047
What is 412001321 (base 5) in base 4?
12120032112
-a7a2c (base 14) to base 2
-1100010111101111000
Convert -1001001100100100100100 (base 2) to base 9.
-4473873
What is -1a2a2 (base 13) in base 4?
-30130321
111001000010111100 (base 2) to base 13
8247b
-566113 (base 8) to base 12
-92a37
Convert -220221012120 (base 3) to base 13.
-1424c4
What is -116523264 (base 7) in base 4?
-130022302320
-7272 (base 14) to base 10
-19700
5246807 (base 10) to base 7
62411546
Convert -87294 (base 13) to base 3.
-110102011010
-13132210213 (base 4) to base 8
-7364447
-10ac2ab (base 13) to base 14
-97aca2
What is -34c3ad (base 14) in base 15?
-25888a
Convert 22200306 (base 7) to base 10.
1916151
What is 420001011 (base 5) in base 16?
1a3a61
What is -150723 (base 14) in base 4?
-2302202223
dd3a (base 16) to base 10
56634
Convert 46006 (base 11) to base 8.
201774
-a104a (base 11) to base 7
-1153614
-30314244 (base 5) to base 7
-2040065
Convert 141214551 (base 6) to base 13.
793750
Convert -4ace00 (base 15) to base 12.
-1250060
a281a3 (base 13) to base 10
3787930
Convert 1720253 (base 11) to base 10.
2928500
-110110013120 (base 4) to base 16
-5141d8
2203002201 (base 5) to base 14
8b3672
-2542b5 (base 16) to base 8
-11241265
Convert 490a1 (base 12) to base 8.
300471
Convert 391b52 (base 13) to base 6.
45245551
Convert -1101545011 (base 6) to base 10.
-11849119
Convert -17206 (base 9) to base 6.
-130440
Convert -134106512 (base 7) to base 2.
-100001010010001010011001
Convert 98b99b (base 15) to base 7.
115603421
What is -3352236 (base 8) in base 3?
-1201001100022
-2338b8b (base 12) to base 2
-11001111011001110011011
Convert 43231110 (base 5) to base 